rime factors of q.
3, 71
Let f(m) = 1706*m**2 + 13*m + 15. What are the prime factors of f(2)?
5, 1373
Let w = -61 + 52. Let y be (-423)/6*6/w. Suppose f - y = -2*u, -u = -2*u + 2*f + 11. List the prime factors of u.
3, 7
Let o(f) = 19*f - 24. Let i be o(-16). Let h = 563 + i. List the prime factors of h.
5, 47
Let p(s) = -s**3 - 6*s**2 - 7*s - 2. Let h be p(-4). Let b(v) = -199*v - 236. List the prime factors of b(h).
2, 479
Let d be ((-131)/(-3) - -1)/((-20)/(-570)). Let c = -887 + d. What are the prime factors of c?
2, 193
Suppose 29*y - 1764 = 17*y. Let j = y + -87. Let v = j - 34. What are the prime factors of v?
2, 13
Let j be 1 + 10564/(-20) + 16/(-20). List the prime factors of ((-24)/(-36))/(1054/j + 2).
2, 11
Let y(m) = 8*m + 68. Let g be y(13). Let k(l) = -l**3 - 2*l**2 + 3*l. Let i be k(4). Let v = i + g. What are the prime factors of v?
2, 11
Suppose -3*n + 6*n - 18 = 0. Let x be 6*(-3)/(-54) - 2/n. Suppose -4*q + y = -149, x = -5*q - 3*y + 33 + 149. What are the prime factors of q?
37
Suppose 5*h + 10 = 0, 4*h = -5*t + 19 + 18. Let o be (-88)/(-24) + (-6)/t. Suppose -o*c + 294 = -303. List the prime factors of c.
199
Let i(t) = -7*t - 23. Let v be i(-5). What are the prime factors of 267/v*(4 + 20)?
2, 3, 89
Suppose -2*z = f + 10, -4*z + 5*f - 34 = -2*z. Let n(w) = 6*w**2 + 14*w + 4. Let u(t) = -t**2 - 1. Let k(d) = n(d) + 3*u(d). List the prime factors of k(z).
2, 5
Let w = -23041 - -58485. What are the prime factors of w?
2, 8861
Suppose -4 = -2*o - 24. Let w = -6 - o. Suppose x = 3*p - 71, w*x = -0*p - p + 41. What are the prime factors of p?
5
Let j = 67 + -36. Let t(f) = -8*f + 18*f - 13*f + j*f. List the prime factors of t(3).
2, 3, 7
Let i = -2152 + 1035. Let y = -122 - i. What are the prime factors of y?
5, 199
Let f(l) = 4*l**2 + 40*l - 15. Let p be f(-17). Let d be 1518/5 + 6/15. Let o = p - d. List the prime factors of o.
157
Suppose 101*u - 647853 = -13*u + 183891. List the prime factors of u.
2, 3, 19
Let v(h) = 2*h**3 - 6*h**2 - 77*h + 153. What are the prime factors of v(17)?
2, 3, 17
Suppose -q = -9*q + 3*q. Suppose q*v - 4*v = -208. Suppose v*h = 48*h + 28. What are the prime factors of h?
7
Let q be 12/2*(-2)/(-3). Suppose 5*v - 1331 + 18 = 2*o, 4*o = -q*v + 1056. List the prime factors of v.
263
Let b(d) = -16*d**3 - 14*d**2 + 19*d + 182. List the prime factors of b(-6).
2, 5, 151
Let l = 17895 + -9306. What are the prime factors of l?
3, 7, 409
Suppose x - 5833 = -4*g, -26*g = 4*x - 12982 - 10290. What are the prime factors of x?
5857
Let k(u) = 2*u + 6. Let p = 169 - 120. Suppose p - 53 = -2*h. What are the prime factors of k(h)?
2, 5
Suppose -m + g = -0*g + 1, -g = 5*m + 17. Let k be (30/(-7))/(m/63). Suppose -3*l = -5*c + 80, -5*c = -l - 0*l - k. What are the prime factors of c?
19
Let g = -10828 - -22788. What are the prime factors of g?
2, 5, 13, 23
Let m(k) = 1066*k - 2626. Let u(x) = -15*x + 37. Let z(b) = 2*m(b) + 143*u(b). Let o(w) = 8*w + 1. Let v be o(-1). What are the prime factors of z(v)?
2, 5, 13
Suppose u = -2*l + 6239 - 164, 0 = -5*u - 2*l + 30399. List the prime factors of u.
3, 2027
Let y = 322 - 998. What are the prime factors of (y/(-10))/((-32)/(-80))?
13
Let m = -18 + 10. Let p be (4/(-24)*m)/(3/(-18)). Let a(d) = -11*d + 16. What are the prime factors of a(p)?
2, 13
Let c(o) = 3*o**3 - 9*o**2 + 5*o + 1. Let r be c(3). What are the prime factors of 584/(0 - -1) - r/(-8)?
2, 293
Let x(q) = -10*q - 23. Let d(i) = 2*i**2 + i**3 - 3 + 0*i - 2*i + i**2 + 4. Let n be d(-4). What are the prime factors of x(n)?
47
Let u be (2 - -5) + 12/2 + -4. Let q be (-5)/((-30)/u) - 226/(-4). List the prime factors of 1 + q/(4 + -3).
59
Let t(o) = -o**3 + 6*o**2 - 9*o + 15. Let w be t(9). Let a = -126 - w. List the prime factors of a.
3, 61
Suppose 0 = -5*s - 15*w + 11*w + 129511, -s + 25901 = w. What are the prime factors of s?
7, 3701
Let j(g) = g**3 - 4*g**2 + 2. Let y be j(4). Let d(v) = 6*v + 12*v**y + 11*v + v**3 - 91 + 80. List the prime factors of d(-9).
79
Let v be (-106)/(-636) + (-6766)/8*(-10)/15. Let u be -4 + 4 - (-6 + 0). Suppose 0 = -u*n + v + 240. What are the prime factors of n?
2, 67
Let s = 167 + -140. What are the prime factors of 4701/s - (-35)/(-315)?
2, 3, 29
Let w be -22 - 4 - 2 - 7. What are the prime factors of w/20*(-6 + 1 + 1)?
7
Suppose 0 = x - 20*x + 6441. List the prime factors of x.
3, 113
Suppose -147*l + 354324 - 150407 + 544019 = 0. List the prime factors of l.
2, 3, 53
Let o = 7490 - 2910. List the prime factors of o.
2, 5, 229
Let v = -13846 + 20312. What are the prime factors of v?
2, 53, 61
Suppose 0 = -13*r - 28 + 158. Suppose -2*j - 3388 = -4*f - 574, 2*j + r = 0. What are the prime factors of f?
701
Suppose -15*i - 6408 = -3*i - 76668. List the prime factors of i.
5, 1171
Let x be ((-15)/(-40)*-4)/(3/(-4)). Suppose -4*d = i - 1073, -x*i = 4*d - 5*d - 2119. What are the prime factors of i?
1061
Let g = 85 + -7. Suppose 4*f - 44 = -2*q + g, 249 = 5*q - 4*f. What are the prime factors of q?
53
List the prime factors of (5376/(-9) + 5)*(-14 + 3 + 2).
3, 1777
Suppose 18*g - t = 19*g - 15594, -2*t - 62346 = -4*g. What are the prime factors of g?
7, 17, 131
Let h(l) = 7*l**2 - 3*l**3 + 103 + 4*l**3 + 7*l + l - 90. Let w be h(-6). Let m(k) = 48*k**2 + 2*k - 3. What are the prime factors of m(w)?
47
Let w = 491 + -459. Suppose -w*l = -20452 + 3140. What are the prime factors of l?
541
Suppose 2837*n = 2842*n - 66190. What are the prime factors of n?
2, 6619
Let f = 152 + -308. Let g be (-2)/(-7) - f/91. Suppose -6*l + 68 = g*i - l, -3*l + 189 = 5*i. List the prime factors of i.
3, 13
Suppose -304*h + 333*h - 234871 = 0. What are the prime factors of h?
7, 13, 89
Suppose 2*w + g = 25, 5*w - 4*w - 9 = 3*g. Let v = 264 + w. List the prime factors of v.
2, 3, 23
Suppose -5*n + 5*d + 39815 = 0, 0 = -4*n - 49*d + 48*d + 31877. What are the prime factors of n?
2, 3, 83
What are the prime factors of (0 - 48/15)/((-38)/95) + 25874?
2, 12941
Let f = 31752 + -18931. What are the prime factors of f?
12821
Let y be -104 - (4/(-10) - (-2)/5). Let p = -100 - y. Suppose 3*o = -p*s + 541, 3*o - 545 = -10*s + 5*s. What are the prime factors of o?
5, 7
Suppose 3*y = 2*h - 10 - 6, 4*h = 4*y + 20. Let v be (2 - 5)*(y - -2)/(-1). List the prime factors of (-3)/v + (-956)/(-16).
2, 3, 5
Let b(l) be the second derivative of -l**5/20 + 4*l**4/3 + 4*l**3 - 12*l**2 - 49*l - 2. Let n = 44 - 27. List the prime factors of b(n).
5, 19
Let x(j) = -4*j + 76. Let v be x(18). Suppose -4*i - 172 = -2*y, 0 = v*y - 2*i - 408 + 40. List the prime factors of y.
2, 47
Let f = -18613 - -40603. List the prime factors of f.
2, 3, 5, 733
Suppose -9 = -k + o + o, -k - 5*o = -9. Let i be 6*(2 + k/(-6))*7. What are the prime factors of i*(-1 + 60/9)?
7, 17
Let h be (-11494)/(-42)*2/(2/3). Let b = h - 319. What are the prime factors of b?
2, 251
Let l = 174 + -171. Suppose -2*n - 3*m = -5*n + 108, 122 = l*n + 4*m. What are the prime factors of n?
2, 19
Suppose -5*n = 3*b - 9 - 16, 4*b - 5 = -n. Suppose 10*k + 13 + 7 = b. List the prime factors of (32/12 + k)/((-3)/(-972)).
2, 3
Suppose 24*g - 27*g + 18375 = 0. Suppose 3*w = 8*w - g. Suppose -35*s = -30*s - w. What are the prime factors of s?
5, 7
What are the prime factors of ((-79443)/(-42) - (-5 + 1))*(-1 + 7)?
3, 17, 223
Let u = 21570 - 5730. List the prime factors of u.
2, 3, 5, 11
Suppose -4*w - 2028 = -2*w - 7940. List the prime factors of w.
2, 739
Let c(p) = 74*p + 15626. What are the prime factors of c(0)?
2, 13, 601
Suppose 4*z = -5*p + 109956 - 43780, -3*p + 4*z + 39712 = 0. What are the prime factors of p?
2, 3, 1103
Let u = -4 - -8. Let m(k) be the first derivative of k**4/2 - 7*k**3/3 + 7*k**2/2 - 4*k - 1790. List the prime factors of m(u).
2, 5
Let j be 2 + 1 + 0/(-5 - -1). Suppose 0*x - 529 = -x + j*d, -5*x + 4*d = -2634. What are the prime factors of x?
2, 263
Let x = -44 + 46. Suppose 0 = 4*y + 8, -3*l - x*l - 3*y + 14 = 0. What are the prime factors of (-45)/30 + 26/l?
5
List the prime factors of (-10)/(-105) - ((-4)/105)/((-80)/(-43910800)).
2, 3, 5, 17, 41
Let k be ((-1)/2 - 2)*(19 + -15). Let o(h) = -59*h - 19. What are the prime factors of o(k)?
571
Let s be (-13 - -1100 - -12)/(1/31). Suppose 39347 = 46*a - s. What are the prime factors of a?
2